{"id":113,"date":"2021-01-05T10:37:09","date_gmt":"2021-01-05T10:37:09","guid":{"rendered":"http:\/\/www.acument.ind.br\/?page_id=113"},"modified":"2021-03-31T12:44:04","modified_gmt":"2021-03-31T12:44:04","slug":"torque-e-tensao-3","status":"publish","type":"page","link":"https:\/\/gruppofontana.it\/latam\/rd\/torque-e-tensao-3\/","title":{"rendered":"TORQUE E TENS\u00c3O"},"content":{"rendered":"<p>[vc_row full_width=&#8221;stretch_row_content_no_spaces&#8221; equal_height=&#8221;yes&#8221; content_placement=&#8221;middle&#8221; css=&#8221;.vc_custom_1610381818248{margin-top: -28px !important;}&#8221;][vc_column width=&#8221;1\/2&#8243; css=&#8221;.vc_custom_1609840113832{background-color: #e2e2e2 !important;}&#8221;][vc_column_text css=&#8221;.vc_custom_1617194644019{margin-right: 10% !important;margin-left: 10% !important;}&#8221;]<\/p>\n<p style=\"text-align: center; font-family: libre franklin; font-weight: 500; font-size: 20px; color: #149442; text-transform: uppercase;\">M\u00e1quinas para ensaios de torque versus tens\u00e3o<\/p>\n<p style=\"text-align: center; font-family: libre franklin; font-weight: 600; font-size: 18px; color: #0b854c;\"><img loading=\"lazy\" decoding=\"async\" class=\"size-medium wp-image-15 aligncenter\" src=\"https:\/\/www.acument.ind.br\/wp-content\/uploads\/2021\/03\/filetto-1.png\" alt=\"\" width=\"300\" height=\"25\" \/><\/p>\n<p>[\/vc_column_text][vc_column_text css=&#8221;.vc_custom_1609840243615{margin-right: 10% !important;margin-left: 10% !important;}&#8221;][\/vc_column_text][vc_column_text css=&#8221;.vc_custom_1610098191823{margin-right: 10% !important;margin-left: 10% !important;}&#8221;]<\/p>\n<p style=\"font-family: 'libre franklin'; font-weight: 300; font-size: 14px; color: #161922; text-align: center;\">Entre outra fun\u00e7\u00f5es, permitem o levantamento dos coeficientes de atrito para diferentes acabamentos superficiais aplicados em parafusos. Dados fundamentais ao processo de defini\u00e7\u00e3o de par\u00e2metros de aperto em parafusos. Permitem, tamb\u00e9m, o monitoramento do comportamento destes acabamentos em controle de itens em produ\u00e7\u00e3o corrente.<\/p>\n<p>[\/vc_column_text][vc_row_inner][vc_column_inner width=&#8221;1\/2&#8243;][vc_column_text]<\/p>\n<p style=\"text-align: center; font-family: libre franklin; font-weight: 500; font-size: 18px; color: #149442;\">Test<em> (Origem: Alemanha) <\/em><\/p>\n<p>[\/vc_column_text][vc_single_image image=&#8221;507&#8243; img_size=&#8221;full&#8221; alignment=&#8221;center&#8221; css=&#8221;.vc_custom_1612373081852{margin-right: 5% !important;margin-left: 10% !important;}&#8221;][\/vc_column_inner][vc_column_inner width=&#8221;1\/2&#8243;][vc_column_text]<\/p>\n<p style=\"text-align: center; font-family: libre franklin; font-weight: 500; font-size: 18px; color: #149442;\">DTT <em>(Origem: Brasil)<\/em><\/p>\n<p>[\/vc_column_text][vc_single_image image=&#8221;508&#8243; img_size=&#8221;full&#8221; alignment=&#8221;center&#8221; css=&#8221;.vc_custom_1612373089104{margin-right: 10% !important;margin-left: 5% !important;}&#8221;][\/vc_column_inner][\/vc_row_inner][\/vc_column][vc_column width=&#8221;1\/2&#8243; css=&#8221;.vc_custom_1612373068644{background-image: url(http:\/\/www.acument.ind.br\/wp-content\/uploads\/2021\/02\/test.jpg?id=506) !important;background-position: center !important;background-repeat: no-repeat !important;background-size: cover !important;}&#8221;][vc_empty_space height=&#8221;450px&#8221; css=&#8221;.vc_custom_1609840148101{background-position: center !important;background-repeat: no-repeat !important;background-size: cover !important;}&#8221;][\/vc_column][\/vc_row][vc_row full_width=&#8221;stretch_row&#8221; equal_height=&#8221;yes&#8221; content_placement=&#8221;middle&#8221; css=&#8221;.vc_custom_1614935477479{border-bottom-width: 5px !important;border-bottom-color: #0b854c !important;border-bottom-style: solid !important;}&#8221;][vc_column width=&#8221;1\/4&#8243;][\/vc_column][vc_column width=&#8221;1\/2&#8243;][vc_btn title=&#8221;P\u00c1GINA ANTERIOR&#8221; style=&#8221;outline-custom&#8221; outline_custom_color=&#8221;#149442&#8243; outline_custom_hover_background=&#8221;#149442&#8243; outline_custom_hover_text=&#8221;#ffffff&#8221; shape=&#8221;square&#8221; size=&#8221;lg&#8221; align=&#8221;center&#8221; i_icon_fontawesome=&#8221;fas fa-angle-left&#8221; button_block=&#8221;true&#8221; add_icon=&#8221;true&#8221; link=&#8221;url:http%3A%2F%2Fwww.acument.ind.br%2Frd%2F|||&#8221;][\/vc_column][vc_column width=&#8221;1\/4&#8243;][\/vc_column][\/vc_row]<\/p>\n","protected":false},"excerpt":{"rendered":"<p>[vc_row full_width=&#8221;stretch_row_content_no_spaces&#8221; equal_height=&#8221;yes&#8221; content_placement=&#8221;middle&#8221; css=&#8221;.vc_custom_1610381818248{margin-top: -28px !important;}&#8221;][vc_column width=&#8221;1\/2&#8243; css=&#8221;.vc_custom_1609840113832{background-color: #e2e2e2 !important;}&#8221;][vc_column_text css=&#8221;.vc_custom_1617194644019{margin-right: 10% !important;margin-left: 10% !important;}&#8221;] M\u00e1quinas para ensaios de torque versus tens\u00e3o [\/vc_column_text][vc_column_text css=&#8221;.vc_custom_1609840243615{margin-right: 10%<span class=\"excerpt-hellip\"> [\u2026]<\/span><\/p>\n","protected":false},"author":1,"featured_media":0,"parent":58,"menu_order":0,"comment_status":"closed","ping_status":"closed","template":"","meta":{"footnotes":""},"class_list":["post-113","page","type-page","status-publish","hentry"],"yoast_head":"<!-- This site is optimized with the Yoast SEO plugin v20.1 - https:\/\/yoast.com\/wordpress\/plugins\/seo\/ -->\n<title>TORQUE E TENS\u00c3O - Latam Gruppo Fontana<\/title>\n<meta name=\"robots\" content=\"index, follow, max-snippet:-1, max-image-preview:large, max-video-preview:-1\" \/>\n<link rel=\"canonical\" href=\"https:\/\/gruppofontana.it\/latam\/rd\/torque-e-tensao-3\/\" \/>\n<meta property=\"og:locale\" content=\"it_IT\" \/>\n<meta property=\"og:type\" content=\"article\" \/>\n<meta property=\"og:title\" content=\"TORQUE E TENS\u00c3O - Latam Gruppo Fontana\" \/>\n<meta property=\"og:description\" content=\"[vc_row full_width=&#8221;stretch_row_content_no_spaces&#8221; equal_height=&#8221;yes&#8221; content_placement=&#8221;middle&#8221; css=&#8221;.vc_custom_1610381818248{margin-top: -28px !important;}&#8221;][vc_column width=&#8221;1\/2&#8243; css=&#8221;.vc_custom_1609840113832{background-color: #e2e2e2 !important;}&#8221;][vc_column_text css=&#8221;.vc_custom_1617194644019{margin-right: 10% !important;margin-left: 10% !important;}&#8221;] M\u00e1quinas para ensaios de torque versus tens\u00e3o [\/vc_column_text][vc_column_text css=&#8221;.vc_custom_1609840243615{margin-right: 10% [\u2026]\" \/>\n<meta property=\"og:url\" content=\"https:\/\/gruppofontana.it\/latam\/rd\/torque-e-tensao-3\/\" \/>\n<meta property=\"og:site_name\" content=\"Latam Gruppo Fontana\" \/>\n<meta property=\"article:modified_time\" content=\"2021-03-31T12:44:04+00:00\" \/>\n<meta property=\"og:image\" content=\"https:\/\/www.acument.ind.br\/wp-content\/uploads\/2021\/03\/filetto-1.png\" \/>\n<meta name=\"twitter:card\" content=\"summary_large_image\" \/>\n<meta name=\"twitter:label1\" content=\"Tempo di lettura stimato\" \/>\n\t<meta name=\"twitter:data1\" content=\"2 minuti\" \/>\n<script type=\"application\/ld+json\" class=\"yoast-schema-graph\">{\"@context\":\"https:\/\/schema.org\",\"@graph\":[{\"@type\":\"WebPage\",\"@id\":\"https:\/\/gruppofontana.it\/latam\/rd\/torque-e-tensao-3\/\",\"url\":\"https:\/\/gruppofontana.it\/latam\/rd\/torque-e-tensao-3\/\",\"name\":\"TORQUE E TENS\u00c3O - Latam Gruppo Fontana\",\"isPartOf\":{\"@id\":\"https:\/\/gruppofontana.it\/latam\/#website\"},\"datePublished\":\"2021-01-05T10:37:09+00:00\",\"dateModified\":\"2021-03-31T12:44:04+00:00\",\"breadcrumb\":{\"@id\":\"https:\/\/gruppofontana.it\/latam\/rd\/torque-e-tensao-3\/#breadcrumb\"},\"inLanguage\":\"it-IT\",\"potentialAction\":[{\"@type\":\"ReadAction\",\"target\":[\"https:\/\/gruppofontana.it\/latam\/rd\/torque-e-tensao-3\/\"]}]},{\"@type\":\"BreadcrumbList\",\"@id\":\"https:\/\/gruppofontana.it\/latam\/rd\/torque-e-tensao-3\/#breadcrumb\",\"itemListElement\":[{\"@type\":\"ListItem\",\"position\":1,\"name\":\"Home\",\"item\":\"https:\/\/gruppofontana.it\/latam\/\"},{\"@type\":\"ListItem\",\"position\":2,\"name\":\"R&#038;D\",\"item\":\"https:\/\/gruppofontana.it\/latam\/rd\/\"},{\"@type\":\"ListItem\",\"position\":3,\"name\":\"TORQUE E TENS\u00c3O\"}]},{\"@type\":\"WebSite\",\"@id\":\"https:\/\/gruppofontana.it\/latam\/#website\",\"url\":\"https:\/\/gruppofontana.it\/latam\/\",\"name\":\"Latam Gruppo Fontana\",\"description\":\"\",\"publisher\":{\"@id\":\"https:\/\/gruppofontana.it\/latam\/#organization\"},\"potentialAction\":[{\"@type\":\"SearchAction\",\"target\":{\"@type\":\"EntryPoint\",\"urlTemplate\":\"https:\/\/gruppofontana.it\/latam\/?s={search_term_string}\"},\"query-input\":\"required name=search_term_string\"}],\"inLanguage\":\"it-IT\"},{\"@type\":\"Organization\",\"@id\":\"https:\/\/gruppofontana.it\/latam\/#organization\",\"name\":\"Latam Gruppo Fontana\",\"url\":\"https:\/\/gruppofontana.it\/latam\/\",\"logo\":{\"@type\":\"ImageObject\",\"inLanguage\":\"it-IT\",\"@id\":\"https:\/\/gruppofontana.it\/latam\/#\/schema\/logo\/image\/\",\"url\":\"https:\/\/gruppofontana.it\/latam\/wp-content\/uploads\/2024\/07\/cropped-LOGO-FONTANA-SPIRALE-e1741347346578.png\",\"contentUrl\":\"https:\/\/gruppofontana.it\/latam\/wp-content\/uploads\/2024\/07\/cropped-LOGO-FONTANA-SPIRALE-e1741347346578.png\",\"width\":3000,\"height\":503,\"caption\":\"Latam Gruppo Fontana\"},\"image\":{\"@id\":\"https:\/\/gruppofontana.it\/latam\/#\/schema\/logo\/image\/\"}}]}<\/script>\n<!-- \/ Yoast SEO plugin. -->","yoast_head_json":{"title":"TORQUE E TENS\u00c3O - Latam Gruppo Fontana","robots":{"index":"index","follow":"follow","max-snippet":"max-snippet:-1","max-image-preview":"max-image-preview:large","max-video-preview":"max-video-preview:-1"},"canonical":"https:\/\/gruppofontana.it\/latam\/rd\/torque-e-tensao-3\/","og_locale":"it_IT","og_type":"article","og_title":"TORQUE E TENS\u00c3O - Latam Gruppo Fontana","og_description":"[vc_row full_width=&#8221;stretch_row_content_no_spaces&#8221; equal_height=&#8221;yes&#8221; content_placement=&#8221;middle&#8221; css=&#8221;.vc_custom_1610381818248{margin-top: -28px !important;}&#8221;][vc_column width=&#8221;1\/2&#8243; css=&#8221;.vc_custom_1609840113832{background-color: #e2e2e2 !important;}&#8221;][vc_column_text css=&#8221;.vc_custom_1617194644019{margin-right: 10% !important;margin-left: 10% !important;}&#8221;] M\u00e1quinas para ensaios de torque versus tens\u00e3o [\/vc_column_text][vc_column_text css=&#8221;.vc_custom_1609840243615{margin-right: 10% [\u2026]","og_url":"https:\/\/gruppofontana.it\/latam\/rd\/torque-e-tensao-3\/","og_site_name":"Latam Gruppo Fontana","article_modified_time":"2021-03-31T12:44:04+00:00","og_image":[{"url":"https:\/\/www.acument.ind.br\/wp-content\/uploads\/2021\/03\/filetto-1.png"}],"twitter_card":"summary_large_image","twitter_misc":{"Tempo di lettura stimato":"2 minuti"},"schema":{"@context":"https:\/\/schema.org","@graph":[{"@type":"WebPage","@id":"https:\/\/gruppofontana.it\/latam\/rd\/torque-e-tensao-3\/","url":"https:\/\/gruppofontana.it\/latam\/rd\/torque-e-tensao-3\/","name":"TORQUE E TENS\u00c3O - Latam Gruppo Fontana","isPartOf":{"@id":"https:\/\/gruppofontana.it\/latam\/#website"},"datePublished":"2021-01-05T10:37:09+00:00","dateModified":"2021-03-31T12:44:04+00:00","breadcrumb":{"@id":"https:\/\/gruppofontana.it\/latam\/rd\/torque-e-tensao-3\/#breadcrumb"},"inLanguage":"it-IT","potentialAction":[{"@type":"ReadAction","target":["https:\/\/gruppofontana.it\/latam\/rd\/torque-e-tensao-3\/"]}]},{"@type":"BreadcrumbList","@id":"https:\/\/gruppofontana.it\/latam\/rd\/torque-e-tensao-3\/#breadcrumb","itemListElement":[{"@type":"ListItem","position":1,"name":"Home","item":"https:\/\/gruppofontana.it\/latam\/"},{"@type":"ListItem","position":2,"name":"R&#038;D","item":"https:\/\/gruppofontana.it\/latam\/rd\/"},{"@type":"ListItem","position":3,"name":"TORQUE E TENS\u00c3O"}]},{"@type":"WebSite","@id":"https:\/\/gruppofontana.it\/latam\/#website","url":"https:\/\/gruppofontana.it\/latam\/","name":"Latam Gruppo Fontana","description":"","publisher":{"@id":"https:\/\/gruppofontana.it\/latam\/#organization"},"potentialAction":[{"@type":"SearchAction","target":{"@type":"EntryPoint","urlTemplate":"https:\/\/gruppofontana.it\/latam\/?s={search_term_string}"},"query-input":"required name=search_term_string"}],"inLanguage":"it-IT"},{"@type":"Organization","@id":"https:\/\/gruppofontana.it\/latam\/#organization","name":"Latam Gruppo Fontana","url":"https:\/\/gruppofontana.it\/latam\/","logo":{"@type":"ImageObject","inLanguage":"it-IT","@id":"https:\/\/gruppofontana.it\/latam\/#\/schema\/logo\/image\/","url":"https:\/\/gruppofontana.it\/latam\/wp-content\/uploads\/2024\/07\/cropped-LOGO-FONTANA-SPIRALE-e1741347346578.png","contentUrl":"https:\/\/gruppofontana.it\/latam\/wp-content\/uploads\/2024\/07\/cropped-LOGO-FONTANA-SPIRALE-e1741347346578.png","width":3000,"height":503,"caption":"Latam Gruppo Fontana"},"image":{"@id":"https:\/\/gruppofontana.it\/latam\/#\/schema\/logo\/image\/"}}]}},"_links":{"self":[{"href":"https:\/\/gruppofontana.it\/latam\/wp-json\/wp\/v2\/pages\/113","targetHints":{"allow":["GET"]}}],"collection":[{"href":"https:\/\/gruppofontana.it\/latam\/wp-json\/wp\/v2\/pages"}],"about":[{"href":"https:\/\/gruppofontana.it\/latam\/wp-json\/wp\/v2\/types\/page"}],"author":[{"embeddable":true,"href":"https:\/\/gruppofontana.it\/latam\/wp-json\/wp\/v2\/users\/1"}],"replies":[{"embeddable":true,"href":"https:\/\/gruppofontana.it\/latam\/wp-json\/wp\/v2\/comments?post=113"}],"version-history":[{"count":18,"href":"https:\/\/gruppofontana.it\/latam\/wp-json\/wp\/v2\/pages\/113\/revisions"}],"predecessor-version":[{"id":854,"href":"https:\/\/gruppofontana.it\/latam\/wp-json\/wp\/v2\/pages\/113\/revisions\/854"}],"up":[{"embeddable":true,"href":"https:\/\/gruppofontana.it\/latam\/wp-json\/wp\/v2\/pages\/58"}],"wp:attachment":[{"href":"https:\/\/gruppofontana.it\/latam\/wp-json\/wp\/v2\/media?parent=113"}],"curies":[{"name":"wp","href":"https:\/\/api.w.org\/{rel}","templated":true}]}}